{"id":1232,"date":"2024-06-20T16:25:02","date_gmt":"2024-06-20T19:25:02","guid":{"rendered":"https:\/\/vosskodobrasil.com.br\/novo\/?page_id=1232"},"modified":"2024-06-20T16:32:19","modified_gmt":"2024-06-20T19:32:19","slug":"canal-de-comunicacao-denuncias","status":"publish","type":"page","link":"https:\/\/www.vosskodobrasil.com.br\/novo\/fale\/canal-de-comunicacao-denuncias\/","title":{"rendered":"Comunica\u00e7\u00e3o e Den\u00fancia"},"content":{"rendered":"\n<p>A fim de promover uma gest\u00e3o transparente, a Vossko do Brasil oferece um canal de contato que funciona de maneira r\u00e1pida, direta, segura e confidencial para tratar de assuntos como descumprimento de normas internas, ass\u00e9dio moral e sexual, al\u00e9m de cometimento de atos il\u00edcitos por colaboradores, terceiros, fornecedores e clientes.<\/p>\n\n\n\n<p>As sugest\u00f5es, elogios, reclama\u00e7\u00f5es, cr\u00edticas e den\u00fancias podem ser enviadas atrav\u00e9s da ferramenta dispon\u00edvel fisicamente na Vossko do Brasil ou atrav\u00e9s do nosso site, no formul\u00e1rio abaixo.<\/p>\n\n\n\n<p>A comunica\u00e7\u00e3o ou relato podem ser registrados de forma an\u00f4nima ou identificada, e todos s\u00e3o tratados de forma sigilosa, preservando a identidade do comunicante\/denunciante. A Vossko do Brasil garante o anonimato e a n\u00e3o retalia\u00e7\u00e3o do denunciante de boa-f\u00e9.<\/p>\n\n\n\n<p>Ao registrar sua comunica\u00e7\u00e3o ou relato, voc\u00ea concorda que a Vossko do Brasil poder\u00e1 tratar seus dados para as finalidades correspondentes.<\/p>\n\n\n\n<p>\u00c9 importante destacar que a coleta e tratamento de dados pode envolver dados sens\u00edveis.<\/p>\n\n\n\n<p>Caso sua comunica\u00e7\u00e3o ou relato envolva informa\u00e7\u00f5es sobre menores, \u00e9 necess\u00e1rio que voc\u00ea seja o respons\u00e1vel legal.<\/p>\n\n\n\n<p><strong>Aviso de Privacidade<\/strong><\/p>\n\n\n\n<p>Um dos pilares \u00e9ticos na condu\u00e7\u00e3o dos neg\u00f3cios da Vossko do Brasil \u00e9 o cumprimento da lei. Somos comprometidos com a prote\u00e7\u00e3o da privacidade e dos dados pessoais.<\/p>\n\n\n\n<p><strong>De quais dados estamos falando?<\/strong><\/p>\n\n\n\n<p>A Lei Geral de Prote\u00e7\u00e3o de Dados (lei 13.709\/2018) se aplica para informa\u00e7\u00f5es relacionadas \u00e0 pessoa natural identificada ou identific\u00e1vel, n\u00e3o contemplando, portanto, dados de pessoas jur\u00eddicas. Ou seja, para fins desse documento, estamos nos referindo aos dados pessoais do comunicante\/denunciante e outros dados pessoais contidos nos relatos.<\/p>\n\n\n\n<p>Para obter informa\u00e7\u00f5es detalhadas sobre os dados pessoais que coletamos, como os utilizamos, o per\u00edodo de armazenamento e seus direitos, convidamos voc\u00ea a acessar o link abaixo e consultar a Declara\u00e7\u00e3o de Privacidade Geral da Vossko Brasil.<\/p>\n\n\n\n<ul class=\"wp-block-list\">\n<li>Link: <a href=\"https:\/\/vosskodobrasil.com.br\/novo\/politica-de-privacidade-e-protecao-de-dados\/\">Declara\u00e7\u00e3o de Privacidade<\/a><\/li>\n<\/ul>\n\n\n\n<p><\/p>\n\n\n\n<p><strong>Quem ter\u00e1 acesso aos seus dados?<\/strong><\/p>\n\n\n\n<p>O seu relato ser\u00e1 recebido pelo Vossko do Brasil, que conduzir\u00e1 o processo conforme procedimento interno do Canal de Comunica\u00e7\u00e3o\/Den\u00fancias. As informa\u00e7\u00f5es ser\u00e3o tratadas de forma confidencial, preservando a identidade do denunciante. Eventualmente, seus dados poder\u00e3o ser compartilhados com terceiros prestadores de servi\u00e7os que possam ser envolvidos no processo de condu\u00e7\u00e3o de investiga\u00e7\u00e3o da den\u00fancia; ou para fins de cumprimento de obriga\u00e7\u00f5es legais ou regulat\u00f3rias e\/ou para exerc\u00edcio regular de direitos em processo administrativo, judicial ou arbitral.<\/p>\n\n\n\n<p><strong>Com quem devo entrar em contato em caso de d\u00favida ou solicita\u00e7\u00e3o com rela\u00e7\u00e3o ao tratamento de dados pessoais?<\/strong><\/p>\n\n\n\n<p>Caso voc\u00ea tenha qualquer d\u00favida com rela\u00e7\u00e3o ao tratamento de seus dados pessoais pela Vossko do Brasil, ou queira fazer alguma solicita\u00e7\u00e3o, favor entrar em contato com Elise Antunes Gerecht, encarregada de Prote\u00e7\u00e3o de Dados,&nbsp;atrav\u00e9s do e-mail:&nbsp;<a href=\"mailto:encarregado@vossko.com.br\">encarregado@vossko.com.br<\/a>&nbsp;ou pelo telefone (49) 3221-2391, de segunda \u00e0 sexta, das 14:00h \u00e0s 17:00h.<\/p>\n\n\n\n<p>Este aviso de privacidade poder\u00e1 ser alterado a qualquer momento. Publicaremos as modifica\u00e7\u00f5es em nosso site. A vers\u00e3o atualizada estar\u00e1 acess\u00edvel em: <a href=\"https:\/\/vosskodobrasil.com.br\/novo\/fale\/canal-de-comunicacao-denuncias\/\">https:\/\/www.vosskodobrasil.com.br\/novo\/fale\/canal-de-comunicacao-denuncias\/<\/a>.<\/p>\n","protected":false},"excerpt":{"rendered":"<p>A fim de promover uma gest\u00e3o transparente, a Vossko do Brasil oferece um canal de contato que funciona de maneira r\u00e1pida, direta, segura e confidencial para tratar de assuntos como descumprimento de normas internas, ass\u00e9dio moral e sexual, al\u00e9m de cometimento de atos il\u00edcitos por colaboradores, terceiros, fornecedores e clientes. As sugest\u00f5es, elogios, reclama\u00e7\u00f5es, cr\u00edticas [&hellip;]<\/p>\n","protected":false},"author":2,"featured_media":0,"parent":1236,"menu_order":0,"comment_status":"closed","ping_status":"closed","template":"","meta":{"_acf_changed":false,"_monsterinsights_skip_tracking":false,"_monsterinsights_sitenote_active":false,"_monsterinsights_sitenote_note":"","_monsterinsights_sitenote_category":0,"footnotes":""},"class_list":["post-1232","page","type-page","status-publish","hentry"],"acf":[],"yoast_head":"<!-- This site is optimized with the Yoast SEO plugin v27.4 - https:\/\/yoast.com\/product\/yoast-seo-wordpress\/ -->\n<title>Comunica\u00e7\u00e3o e Den\u00fancia - Vossko do Brasil<\/title>\n<meta name=\"robots\" content=\"index, follow, max-snippet:-1, max-image-preview:large, max-video-preview:-1\" \/>\n<link rel=\"canonical\" href=\"https:\/\/www.vosskodobrasil.com.br\/novo\/fale\/canal-de-comunicacao-denuncias\/\" \/>\n<meta property=\"og:locale\" content=\"pt_BR\" \/>\n<meta property=\"og:type\" content=\"article\" \/>\n<meta property=\"og:title\" content=\"Comunica\u00e7\u00e3o e Den\u00fancia - Vossko do Brasil\" \/>\n<meta property=\"og:description\" content=\"A fim de promover uma gest\u00e3o transparente, a Vossko do Brasil oferece um canal de contato que funciona de maneira r\u00e1pida, direta, segura e confidencial para tratar de assuntos como descumprimento de normas internas, ass\u00e9dio moral e sexual, al\u00e9m de cometimento de atos il\u00edcitos por colaboradores, terceiros, fornecedores e clientes. As sugest\u00f5es, elogios, reclama\u00e7\u00f5es, cr\u00edticas [&hellip;]\" \/>\n<meta property=\"og:url\" content=\"https:\/\/www.vosskodobrasil.com.br\/novo\/fale\/canal-de-comunicacao-denuncias\/\" \/>\n<meta property=\"og:site_name\" content=\"Vossko do Brasil\" \/>\n<meta property=\"article:publisher\" content=\"https:\/\/www.facebook.com\/vosskodobrasil\/\" \/>\n<meta property=\"article:modified_time\" content=\"2024-06-20T19:32:19+00:00\" \/>\n<meta name=\"twitter:card\" content=\"summary_large_image\" \/>\n<meta name=\"twitter:label1\" content=\"Est. tempo de leitura\" \/>\n\t<meta name=\"twitter:data1\" content=\"3 minutos\" \/>\n<script type=\"application\/ld+json\" class=\"yoast-schema-graph\">{\"@context\":\"https:\\\/\\\/schema.org\",\"@graph\":[{\"@type\":\"WebPage\",\"@id\":\"https:\\\/\\\/www.vosskodobrasil.com.br\\\/novo\\\/fale\\\/canal-de-comunicacao-denuncias\\\/\",\"url\":\"https:\\\/\\\/www.vosskodobrasil.com.br\\\/novo\\\/fale\\\/canal-de-comunicacao-denuncias\\\/\",\"name\":\"Comunica\u00e7\u00e3o e Den\u00fancia - Vossko do Brasil\",\"isPartOf\":{\"@id\":\"https:\\\/\\\/www.vosskodobrasil.com.br\\\/novo\\\/#website\"},\"datePublished\":\"2024-06-20T19:25:02+00:00\",\"dateModified\":\"2024-06-20T19:32:19+00:00\",\"breadcrumb\":{\"@id\":\"https:\\\/\\\/www.vosskodobrasil.com.br\\\/novo\\\/fale\\\/canal-de-comunicacao-denuncias\\\/#breadcrumb\"},\"inLanguage\":\"pt-BR\",\"potentialAction\":[{\"@type\":\"ReadAction\",\"target\":[\"https:\\\/\\\/www.vosskodobrasil.com.br\\\/novo\\\/fale\\\/canal-de-comunicacao-denuncias\\\/\"]}]},{\"@type\":\"BreadcrumbList\",\"@id\":\"https:\\\/\\\/www.vosskodobrasil.com.br\\\/novo\\\/fale\\\/canal-de-comunicacao-denuncias\\\/#breadcrumb\",\"itemListElement\":[{\"@type\":\"ListItem\",\"position\":1,\"name\":\"In\u00edcio\",\"item\":\"https:\\\/\\\/www.vosskodobrasil.com.br\\\/novo\\\/\"},{\"@type\":\"ListItem\",\"position\":2,\"name\":\"Fale\",\"item\":\"https:\\\/\\\/www.vosskodobrasil.com.br\\\/novo\\\/fale\\\/\"},{\"@type\":\"ListItem\",\"position\":3,\"name\":\"Comunica\u00e7\u00e3o e Den\u00fancia\"}]},{\"@type\":\"WebSite\",\"@id\":\"https:\\\/\\\/www.vosskodobrasil.com.br\\\/novo\\\/#website\",\"url\":\"https:\\\/\\\/www.vosskodobrasil.com.br\\\/novo\\\/\",\"name\":\"Vossko do Brasil\",\"description\":\"Somos especialistas em produtos congelados\",\"publisher\":{\"@id\":\"https:\\\/\\\/www.vosskodobrasil.com.br\\\/novo\\\/#organization\"},\"potentialAction\":[{\"@type\":\"SearchAction\",\"target\":{\"@type\":\"EntryPoint\",\"urlTemplate\":\"https:\\\/\\\/www.vosskodobrasil.com.br\\\/novo\\\/?s={search_term_string}\"},\"query-input\":{\"@type\":\"PropertyValueSpecification\",\"valueRequired\":true,\"valueName\":\"search_term_string\"}}],\"inLanguage\":\"pt-BR\"},{\"@type\":\"Organization\",\"@id\":\"https:\\\/\\\/www.vosskodobrasil.com.br\\\/novo\\\/#organization\",\"name\":\"Vossko do Brasil\",\"url\":\"https:\\\/\\\/www.vosskodobrasil.com.br\\\/novo\\\/\",\"logo\":{\"@type\":\"ImageObject\",\"inLanguage\":\"pt-BR\",\"@id\":\"https:\\\/\\\/www.vosskodobrasil.com.br\\\/novo\\\/#\\\/schema\\\/logo\\\/image\\\/\",\"url\":\"https:\\\/\\\/www.vosskodobrasil.com.br\\\/novo\\\/wp-content\\\/uploads\\\/2024\\\/02\\\/vossko-logo.webp\",\"contentUrl\":\"https:\\\/\\\/www.vosskodobrasil.com.br\\\/novo\\\/wp-content\\\/uploads\\\/2024\\\/02\\\/vossko-logo.webp\",\"width\":800,\"height\":443,\"caption\":\"Vossko do Brasil\"},\"image\":{\"@id\":\"https:\\\/\\\/www.vosskodobrasil.com.br\\\/novo\\\/#\\\/schema\\\/logo\\\/image\\\/\"},\"sameAs\":[\"https:\\\/\\\/www.facebook.com\\\/vosskodobrasil\\\/\",\"https:\\\/\\\/www.instagram.com\\\/vosskodobrasil\\\/\",\"https:\\\/\\\/www.linkedin.com\\\/company\\\/vosskodobrasil\\\/\"]}]}<\/script>\n<!-- \/ Yoast SEO plugin. -->","yoast_head_json":{"title":"Comunica\u00e7\u00e3o e Den\u00fancia - Vossko do Brasil","robots":{"index":"index","follow":"follow","max-snippet":"max-snippet:-1","max-image-preview":"max-image-preview:large","max-video-preview":"max-video-preview:-1"},"canonical":"https:\/\/www.vosskodobrasil.com.br\/novo\/fale\/canal-de-comunicacao-denuncias\/","og_locale":"pt_BR","og_type":"article","og_title":"Comunica\u00e7\u00e3o e Den\u00fancia - Vossko do Brasil","og_description":"A fim de promover uma gest\u00e3o transparente, a Vossko do Brasil oferece um canal de contato que funciona de maneira r\u00e1pida, direta, segura e confidencial para tratar de assuntos como descumprimento de normas internas, ass\u00e9dio moral e sexual, al\u00e9m de cometimento de atos il\u00edcitos por colaboradores, terceiros, fornecedores e clientes. As sugest\u00f5es, elogios, reclama\u00e7\u00f5es, cr\u00edticas [&hellip;]","og_url":"https:\/\/www.vosskodobrasil.com.br\/novo\/fale\/canal-de-comunicacao-denuncias\/","og_site_name":"Vossko do Brasil","article_publisher":"https:\/\/www.facebook.com\/vosskodobrasil\/","article_modified_time":"2024-06-20T19:32:19+00:00","twitter_card":"summary_large_image","twitter_misc":{"Est. tempo de leitura":"3 minutos"},"schema":{"@context":"https:\/\/schema.org","@graph":[{"@type":"WebPage","@id":"https:\/\/www.vosskodobrasil.com.br\/novo\/fale\/canal-de-comunicacao-denuncias\/","url":"https:\/\/www.vosskodobrasil.com.br\/novo\/fale\/canal-de-comunicacao-denuncias\/","name":"Comunica\u00e7\u00e3o e Den\u00fancia - Vossko do Brasil","isPartOf":{"@id":"https:\/\/www.vosskodobrasil.com.br\/novo\/#website"},"datePublished":"2024-06-20T19:25:02+00:00","dateModified":"2024-06-20T19:32:19+00:00","breadcrumb":{"@id":"https:\/\/www.vosskodobrasil.com.br\/novo\/fale\/canal-de-comunicacao-denuncias\/#breadcrumb"},"inLanguage":"pt-BR","potentialAction":[{"@type":"ReadAction","target":["https:\/\/www.vosskodobrasil.com.br\/novo\/fale\/canal-de-comunicacao-denuncias\/"]}]},{"@type":"BreadcrumbList","@id":"https:\/\/www.vosskodobrasil.com.br\/novo\/fale\/canal-de-comunicacao-denuncias\/#breadcrumb","itemListElement":[{"@type":"ListItem","position":1,"name":"In\u00edcio","item":"https:\/\/www.vosskodobrasil.com.br\/novo\/"},{"@type":"ListItem","position":2,"name":"Fale","item":"https:\/\/www.vosskodobrasil.com.br\/novo\/fale\/"},{"@type":"ListItem","position":3,"name":"Comunica\u00e7\u00e3o e Den\u00fancia"}]},{"@type":"WebSite","@id":"https:\/\/www.vosskodobrasil.com.br\/novo\/#website","url":"https:\/\/www.vosskodobrasil.com.br\/novo\/","name":"Vossko do Brasil","description":"Somos especialistas em produtos congelados","publisher":{"@id":"https:\/\/www.vosskodobrasil.com.br\/novo\/#organization"},"potentialAction":[{"@type":"SearchAction","target":{"@type":"EntryPoint","urlTemplate":"https:\/\/www.vosskodobrasil.com.br\/novo\/?s={search_term_string}"},"query-input":{"@type":"PropertyValueSpecification","valueRequired":true,"valueName":"search_term_string"}}],"inLanguage":"pt-BR"},{"@type":"Organization","@id":"https:\/\/www.vosskodobrasil.com.br\/novo\/#organization","name":"Vossko do Brasil","url":"https:\/\/www.vosskodobrasil.com.br\/novo\/","logo":{"@type":"ImageObject","inLanguage":"pt-BR","@id":"https:\/\/www.vosskodobrasil.com.br\/novo\/#\/schema\/logo\/image\/","url":"https:\/\/www.vosskodobrasil.com.br\/novo\/wp-content\/uploads\/2024\/02\/vossko-logo.webp","contentUrl":"https:\/\/www.vosskodobrasil.com.br\/novo\/wp-content\/uploads\/2024\/02\/vossko-logo.webp","width":800,"height":443,"caption":"Vossko do Brasil"},"image":{"@id":"https:\/\/www.vosskodobrasil.com.br\/novo\/#\/schema\/logo\/image\/"},"sameAs":["https:\/\/www.facebook.com\/vosskodobrasil\/","https:\/\/www.instagram.com\/vosskodobrasil\/","https:\/\/www.linkedin.com\/company\/vosskodobrasil\/"]}]}},"_links":{"self":[{"href":"https:\/\/www.vosskodobrasil.com.br\/novo\/wp-json\/wp\/v2\/pages\/1232","targetHints":{"allow":["GET"]}}],"collection":[{"href":"https:\/\/www.vosskodobrasil.com.br\/novo\/wp-json\/wp\/v2\/pages"}],"about":[{"href":"https:\/\/www.vosskodobrasil.com.br\/novo\/wp-json\/wp\/v2\/types\/page"}],"author":[{"embeddable":true,"href":"https:\/\/www.vosskodobrasil.com.br\/novo\/wp-json\/wp\/v2\/users\/2"}],"replies":[{"embeddable":true,"href":"https:\/\/www.vosskodobrasil.com.br\/novo\/wp-json\/wp\/v2\/comments?post=1232"}],"version-history":[{"count":5,"href":"https:\/\/www.vosskodobrasil.com.br\/novo\/wp-json\/wp\/v2\/pages\/1232\/revisions"}],"predecessor-version":[{"id":1241,"href":"https:\/\/www.vosskodobrasil.com.br\/novo\/wp-json\/wp\/v2\/pages\/1232\/revisions\/1241"}],"up":[{"embeddable":true,"href":"https:\/\/www.vosskodobrasil.com.br\/novo\/wp-json\/wp\/v2\/pages\/1236"}],"wp:attachment":[{"href":"https:\/\/www.vosskodobrasil.com.br\/novo\/wp-json\/wp\/v2\/media?parent=1232"}],"curies":[{"name":"wp","href":"https:\/\/api.w.org\/{rel}","templated":true}]}}