{"id":1089,"date":"2024-05-21T15:46:39","date_gmt":"2024-05-21T18:46:39","guid":{"rendered":"https:\/\/vosskodobrasil.com.br\/novo\/?page_id=1089"},"modified":"2024-06-20T16:16:26","modified_gmt":"2024-06-20T19:16:26","slug":"politica-de-privacidade-e-protecao-de-dados-candidatos-a-vagas","status":"publish","type":"page","link":"https:\/\/www.vosskodobrasil.com.br\/novo\/politica-de-privacidade-e-protecao-de-dados-candidatos-a-vagas\/","title":{"rendered":"Termo de Consentimento de Candidatos a Vagas"},"content":{"rendered":"\n<div class=\"wp-block-group is-nowrap is-layout-flex wp-container-core-group-is-layout-6c531013 wp-block-group-is-layout-flex\">\n<p>\u00daltima atualiza\u00e7\u00e3o: <\/p>\n\n\n<div class=\"wp-block-post-date__modified-date wp-block-post-date\"><time datetime=\"2024-06-20T16:16:26-03:00\">20\/06\/2024 &#8211; 16:16:26<\/time><\/div><\/div>\n\n\n\n<p><\/p>\n\n\n\n<p> <\/p>\n\n\n\n<p>Ol\u00e1, candidato, bem-vindo ao processo seletivo da Vossko do Brasil. Agradecemos o seu interesse em fazer parte da nossa equipe!<\/p>\n\n\n\n<p>Antes de enviar o seu curr\u00edculo, para que possamos dar in\u00edcio ao processo de recrutamento e sele\u00e7\u00e3o, \u00e9 importante ressaltar que, para participar do processo seletivo, voc\u00ea precisa ser maior de 18 anos. Tamb\u00e9m, precisamos que voc\u00ea entenda como a nossa empresa trata os seus dados.<\/p>\n\n\n\n<p>Um dos pilares \u00e9ticos na condu\u00e7\u00e3o dos neg\u00f3cios da Vossko do Brasil \u00e9 o cumprimento da lei.<\/p>\n\n\n\n<p>Somos&nbsp;comprometidos&nbsp;com a prote\u00e7\u00e3o da privacidade e dos&nbsp;dados pessoais, e respeitamos a legisla\u00e7\u00e3o relativa \u00e0 prote\u00e7\u00e3o de dados.<\/p>\n\n\n\n<p>Para mais informa\u00e7\u00f5es referentes a quais dados estamos falando pedimos que acesse nossa Declara\u00e7\u00e3o de Privacidade atrav\u00e9s do link abaixo:<\/p>\n\n\n\n<p>Link: <a href=\"https:\/\/vosskodobrasil.com.br\/novo\/politica-de-privacidade-e-protecao-de-dados\/\">Declara\u00e7\u00e3o de Privacidade<\/a><\/p>\n\n\n\n<p><strong>Quais s\u00e3o os dados que coletamos para o processo seletivo?<\/strong><\/p>\n\n\n\n<p>Para viabilizar a sua participa\u00e7\u00e3o no processo de sele\u00e7\u00e3o, solicitaremos o preenchimento de uma ficha cadastral, na qual voc\u00ea fornecer\u00e1 as seguintes informa\u00e7\u00f5es:<\/p>\n\n\n\n<ul class=\"wp-block-list\">\n<li>Nome completo;<\/li>\n\n\n\n<li>Endere\u00e7o eletr\u00f4nico (e-mail);<\/li>\n\n\n\n<li>Informa\u00e7\u00f5es de contato.<\/li>\n<\/ul>\n\n\n\n<p>Voc\u00ea poder\u00e1 ainda anexar o seu curr\u00edculo, que poder\u00e1 conter outras informa\u00e7\u00f5es relevantes para o cargo almejado, como:<\/p>\n\n\n\n<ul class=\"wp-block-list\">\n<li>Endere\u00e7o;<\/li>\n\n\n\n<li>Escolaridade;<\/li>\n\n\n\n<li>Forma\u00e7\u00e3o acad\u00eamica;<\/li>\n\n\n\n<li>Hist\u00f3rico profissional;<\/li>\n\n\n\n<li>Informa\u00e7\u00e3o sobre ser PcD ou n\u00e3o;<\/li>\n\n\n\n<li>Aptid\u00f5es, como dom\u00ednio de idiomas<\/li>\n\n\n\n<li>Cursos e participa\u00e7\u00f5es em eventos\/palestras\/treinamentos;<\/li>\n\n\n\n<li>Publica\u00e7\u00f5es;<\/li>\n\n\n\n<li>Perfis em redes sociais, como LinkedIn.<\/li>\n<\/ul>\n\n\n\n<p>Outros dados poder\u00e3o ser inseridos por voc\u00ea no seu curr\u00edculo e tamb\u00e9m ser\u00e3o tratados pela empresa.<\/p>\n\n\n\n<p>\u00c9 importante destacar que este consentimento envolve o tratamento de dados sens\u00edveis.<\/p>\n\n\n\n<p>N\u00f3s da Vossko do Brasil n\u00e3o nos responsabilizamos pela veracidade e autenticidade dos dados pessoais fornecidos pelo candidato, nem pelo uso indevido de dados e informa\u00e7\u00f5es pessoais de terceiros ou eventual infra\u00e7\u00e3o decorrente&nbsp;desse uso indevido por parte do candidato.<\/p>\n\n\n\n<p><strong>Para que utilizamos esses dados?<\/strong><\/p>\n\n\n\n<p>Ao enviar o seu curr\u00edculo voc\u00ea est\u00e1 autorizando a Vossko Brasil a realizar o tratamento de seus dados pessoais especificamente para as seguintes finalidades:<\/p>\n\n\n\n<ul class=\"wp-block-list\">\n<li>Viabilizar a participa\u00e7\u00e3o no processo seletivo;<\/li>\n\n\n\n<li>Entrar em contato com voc\u00ea para dar\u00a0andamento\u00a0ao processo seletivo do qual voc\u00ea esteja participando;<\/li>\n\n\n\n<li>Incluir seus dados no banco de talentos da empresa.<\/li>\n<\/ul>\n\n\n\n<p>Para maiores informa\u00e7\u00f5es sobre as bases legais que justificam o tratamento de seus dados pessoais pedimos que acesse nossa Declara\u00e7\u00e3o de Privacidade Geral atrav\u00e9s do link abaixo:<\/p>\n\n\n\n<p>Link: <a href=\"https:\/\/vosskodobrasil.com.br\/novo\/politica-de-privacidade-e-protecao-de-dados\/\">Declara\u00e7\u00e3o de Privacidade<\/a><\/p>\n\n\n\n<p><strong>Por quanto tempo armazenaremos seus dados?<\/strong><\/p>\n\n\n\n<p>Ap\u00f3s&nbsp;envio do seu curr\u00edculo, ele ser\u00e1 armazenado no&nbsp;nosso banco de talentos&nbsp;pelo per\u00edodo de 12 meses. Findo esse prazo sem que o candidato seja chamado para participar do processo de recrutamento e sele\u00e7\u00e3o, o curr\u00edculo ser\u00e1 automaticamente descartado. O consentimento para o tratamento dos seus dados pessoais ser\u00e1 v\u00e1lido pelo mesmo per\u00edodo de 12 meses.<\/p>\n\n\n\n<p>Seu&nbsp;curr\u00edculo poder\u00e1 ser&nbsp;descartado&nbsp;a&nbsp;qualquer momento,&nbsp;basta entrar em contato conosco e manifestar o seu desejo.<\/p>\n\n\n\n<p><strong>Quais s\u00e3o os direitos do candidato em rela\u00e7\u00e3o aos seus dados?<\/strong><\/p>\n\n\n\n<p>Conforme art. 18 da LGPD, voc\u00ea tem direito de:<\/p>\n\n\n\n<ul class=\"wp-block-list\">\n<li>Saber quais os dados a Vossko do Brasil possui a seu respeito e requisitar uma c\u00f3pia;<\/li>\n\n\n\n<li>Alterar, completar e excluir informa\u00e7\u00f5es incompletas, inexatas e desatualizadas;<\/li>\n\n\n\n<li>Anonimiza\u00e7\u00e3o, bloqueio ou elimina\u00e7\u00e3o de dados desnecess\u00e1rios, excessivos ou tratados em desconformidade com o disposto em Lei;<\/li>\n\n\n\n<li>Pedir a exclus\u00e3o dos dados fornecidos com base no consentimento;<\/li>\n\n\n\n<li>Informa\u00e7\u00e3o das entidades p\u00fablicas e privadas com as quais o controlador realizou uso compartilhado de dados;<\/li>\n\n\n\n<li>Revogar o seu consentimento;<\/li>\n\n\n\n<li>Saber sobre a possibilidade de n\u00e3o fornecer consentimento e sobre as consequ\u00eancias da negativa.<\/li>\n<\/ul>\n\n\n\n<p>Com quem devo entrar em contato em caso de d\u00favida ou solicita\u00e7\u00e3o?<\/p>\n\n\n\n<p>Caso voc\u00ea tenha qualquer d\u00favida com rela\u00e7\u00e3o a este consentimento, ou queira fazer alguma solicita\u00e7\u00e3o,&nbsp;favor entrar em contato atrav\u00e9s do e-mail:&nbsp;<a href=\"mailto:encarregado@vossko.com.br\">encarregado@vossko.com.br<\/a> ou pelo telefone (49) 32212391, de segunda \u00e0 sexta, das 14:00h \u00e0s 17:00h.<\/p>\n\n\n\n<p>Lembramos que este consentimento poder\u00e1 passar por atualiza\u00e7\u00f5es, caso sejam necess\u00e1rias novas autoriza\u00e7\u00f5es de sua parte, entraremos em contato por e-mail.<\/p>\n\n\n\n<p><strong>Altera\u00e7\u00f5es do Consentimento<\/strong><\/p>\n\n\n\n<p>Este consentimento poder\u00e1 ser alterado a qualquer momento, raz\u00e3o pela qual \u00e9 fundamental sua revis\u00e3o regular por parte do usu\u00e1rio. Podemos tamb\u00e9m avis\u00e1-lo por e-mail de quaisquer altera\u00e7\u00f5es que vierem a ocorrer, desde que voc\u00ea nos autorize este procedimento.<\/p>\n\n\n\n<p>Sempre que ocorrerem altera\u00e7\u00f5es, as vers\u00f5es anteriores poder\u00e3o ser solicitadas e consultadas pelo usu\u00e1rio mediante gratuita solicita\u00e7\u00e3o atrav\u00e9s do e-mail: encarregado@vossko.com.br.<\/p>\n\n\n\n<p><strong>Legisla\u00e7\u00e3o e Jurisdi\u00e7\u00e3o<\/strong><\/p>\n\n\n\n<p>Este consentimento e a rela\u00e7\u00e3o decorrente das a\u00e7\u00f5es aqui compreendidas, assim como qualquer disputa que surja em virtude disto ser\u00e1 regulada exclusivamente pela legisla\u00e7\u00e3o brasileira.<\/p>\n\n\n\n<p>Fica eleito o Foro da Comarca de resid\u00eancia do usu\u00e1rio, para dirimir qualquer quest\u00e3o envolvendo&nbsp;&nbsp; o&nbsp;&nbsp; presente&nbsp;&nbsp; documento, renunciando&nbsp;as&nbsp;&nbsp; partes&nbsp;&nbsp; a&nbsp;&nbsp; qualquer&nbsp;outro, por&nbsp;mais privilegiado que seja ou venha a ser.<\/p>\n","protected":false},"excerpt":{"rendered":"<p>\u00daltima atualiza\u00e7\u00e3o: Ol\u00e1, candidato, bem-vindo ao processo seletivo da Vossko do Brasil. Agradecemos o seu interesse em fazer parte da nossa equipe! Antes de enviar o seu curr\u00edculo, para que possamos dar in\u00edcio ao processo de recrutamento e sele\u00e7\u00e3o, \u00e9 importante ressaltar que, para participar do processo seletivo, voc\u00ea precisa ser maior de 18 anos. [&hellip;]<\/p>\n","protected":false},"author":2,"featured_media":0,"parent":0,"menu_order":0,"comment_status":"closed","ping_status":"closed","template":"","meta":{"_acf_changed":false,"_monsterinsights_skip_tracking":false,"_monsterinsights_sitenote_active":false,"_monsterinsights_sitenote_note":"","_monsterinsights_sitenote_category":0,"footnotes":""},"class_list":["post-1089","page","type-page","status-publish","hentry"],"acf":[],"yoast_head":"<!-- This site is optimized with the Yoast SEO plugin v27.4 - https:\/\/yoast.com\/product\/yoast-seo-wordpress\/ -->\n<title>Termo de Consentimento de Candidatos a Vagas - Vossko do Brasil<\/title>\n<meta name=\"robots\" content=\"index, follow, max-snippet:-1, max-image-preview:large, max-video-preview:-1\" \/>\n<link rel=\"canonical\" href=\"https:\/\/www.vosskodobrasil.com.br\/novo\/politica-de-privacidade-e-protecao-de-dados-candidatos-a-vagas\/\" \/>\n<meta property=\"og:locale\" content=\"pt_BR\" \/>\n<meta property=\"og:type\" content=\"article\" \/>\n<meta property=\"og:title\" content=\"Termo de Consentimento de Candidatos a Vagas - Vossko do Brasil\" \/>\n<meta property=\"og:description\" content=\"\u00daltima atualiza\u00e7\u00e3o: Ol\u00e1, candidato, bem-vindo ao processo seletivo da Vossko do Brasil. Agradecemos o seu interesse em fazer parte da nossa equipe! Antes de enviar o seu curr\u00edculo, para que possamos dar in\u00edcio ao processo de recrutamento e sele\u00e7\u00e3o, \u00e9 importante ressaltar que, para participar do processo seletivo, voc\u00ea precisa ser maior de 18 anos. [&hellip;]\" \/>\n<meta property=\"og:url\" content=\"https:\/\/www.vosskodobrasil.com.br\/novo\/politica-de-privacidade-e-protecao-de-dados-candidatos-a-vagas\/\" \/>\n<meta property=\"og:site_name\" content=\"Vossko do Brasil\" \/>\n<meta property=\"article:publisher\" content=\"https:\/\/www.facebook.com\/vosskodobrasil\/\" \/>\n<meta property=\"article:modified_time\" content=\"2024-06-20T19:16:26+00:00\" \/>\n<meta name=\"twitter:card\" content=\"summary_large_image\" \/>\n<meta name=\"twitter:label1\" content=\"Est. tempo de leitura\" \/>\n\t<meta name=\"twitter:data1\" content=\"5 minutos\" \/>\n<script type=\"application\/ld+json\" class=\"yoast-schema-graph\">{\"@context\":\"https:\\\/\\\/schema.org\",\"@graph\":[{\"@type\":\"WebPage\",\"@id\":\"https:\\\/\\\/www.vosskodobrasil.com.br\\\/novo\\\/politica-de-privacidade-e-protecao-de-dados-candidatos-a-vagas\\\/\",\"url\":\"https:\\\/\\\/www.vosskodobrasil.com.br\\\/novo\\\/politica-de-privacidade-e-protecao-de-dados-candidatos-a-vagas\\\/\",\"name\":\"Termo de Consentimento de Candidatos a Vagas - Vossko do Brasil\",\"isPartOf\":{\"@id\":\"https:\\\/\\\/www.vosskodobrasil.com.br\\\/novo\\\/#website\"},\"datePublished\":\"2024-05-21T18:46:39+00:00\",\"dateModified\":\"2024-06-20T19:16:26+00:00\",\"breadcrumb\":{\"@id\":\"https:\\\/\\\/www.vosskodobrasil.com.br\\\/novo\\\/politica-de-privacidade-e-protecao-de-dados-candidatos-a-vagas\\\/#breadcrumb\"},\"inLanguage\":\"pt-BR\",\"potentialAction\":[{\"@type\":\"ReadAction\",\"target\":[\"https:\\\/\\\/www.vosskodobrasil.com.br\\\/novo\\\/politica-de-privacidade-e-protecao-de-dados-candidatos-a-vagas\\\/\"]}]},{\"@type\":\"BreadcrumbList\",\"@id\":\"https:\\\/\\\/www.vosskodobrasil.com.br\\\/novo\\\/politica-de-privacidade-e-protecao-de-dados-candidatos-a-vagas\\\/#breadcrumb\",\"itemListElement\":[{\"@type\":\"ListItem\",\"position\":1,\"name\":\"In\u00edcio\",\"item\":\"https:\\\/\\\/www.vosskodobrasil.com.br\\\/novo\\\/\"},{\"@type\":\"ListItem\",\"position\":2,\"name\":\"Termo de Consentimento de Candidatos a Vagas\"}]},{\"@type\":\"WebSite\",\"@id\":\"https:\\\/\\\/www.vosskodobrasil.com.br\\\/novo\\\/#website\",\"url\":\"https:\\\/\\\/www.vosskodobrasil.com.br\\\/novo\\\/\",\"name\":\"Vossko do Brasil\",\"description\":\"Somos especialistas em produtos congelados\",\"publisher\":{\"@id\":\"https:\\\/\\\/www.vosskodobrasil.com.br\\\/novo\\\/#organization\"},\"potentialAction\":[{\"@type\":\"SearchAction\",\"target\":{\"@type\":\"EntryPoint\",\"urlTemplate\":\"https:\\\/\\\/www.vosskodobrasil.com.br\\\/novo\\\/?s={search_term_string}\"},\"query-input\":{\"@type\":\"PropertyValueSpecification\",\"valueRequired\":true,\"valueName\":\"search_term_string\"}}],\"inLanguage\":\"pt-BR\"},{\"@type\":\"Organization\",\"@id\":\"https:\\\/\\\/www.vosskodobrasil.com.br\\\/novo\\\/#organization\",\"name\":\"Vossko do Brasil\",\"url\":\"https:\\\/\\\/www.vosskodobrasil.com.br\\\/novo\\\/\",\"logo\":{\"@type\":\"ImageObject\",\"inLanguage\":\"pt-BR\",\"@id\":\"https:\\\/\\\/www.vosskodobrasil.com.br\\\/novo\\\/#\\\/schema\\\/logo\\\/image\\\/\",\"url\":\"https:\\\/\\\/www.vosskodobrasil.com.br\\\/novo\\\/wp-content\\\/uploads\\\/2024\\\/02\\\/vossko-logo.webp\",\"contentUrl\":\"https:\\\/\\\/www.vosskodobrasil.com.br\\\/novo\\\/wp-content\\\/uploads\\\/2024\\\/02\\\/vossko-logo.webp\",\"width\":800,\"height\":443,\"caption\":\"Vossko do Brasil\"},\"image\":{\"@id\":\"https:\\\/\\\/www.vosskodobrasil.com.br\\\/novo\\\/#\\\/schema\\\/logo\\\/image\\\/\"},\"sameAs\":[\"https:\\\/\\\/www.facebook.com\\\/vosskodobrasil\\\/\",\"https:\\\/\\\/www.instagram.com\\\/vosskodobrasil\\\/\",\"https:\\\/\\\/www.linkedin.com\\\/company\\\/vosskodobrasil\\\/\"]}]}<\/script>\n<!-- \/ Yoast SEO plugin. -->","yoast_head_json":{"title":"Termo de Consentimento de Candidatos a Vagas - Vossko do Brasil","robots":{"index":"index","follow":"follow","max-snippet":"max-snippet:-1","max-image-preview":"max-image-preview:large","max-video-preview":"max-video-preview:-1"},"canonical":"https:\/\/www.vosskodobrasil.com.br\/novo\/politica-de-privacidade-e-protecao-de-dados-candidatos-a-vagas\/","og_locale":"pt_BR","og_type":"article","og_title":"Termo de Consentimento de Candidatos a Vagas - Vossko do Brasil","og_description":"\u00daltima atualiza\u00e7\u00e3o: Ol\u00e1, candidato, bem-vindo ao processo seletivo da Vossko do Brasil. Agradecemos o seu interesse em fazer parte da nossa equipe! Antes de enviar o seu curr\u00edculo, para que possamos dar in\u00edcio ao processo de recrutamento e sele\u00e7\u00e3o, \u00e9 importante ressaltar que, para participar do processo seletivo, voc\u00ea precisa ser maior de 18 anos. [&hellip;]","og_url":"https:\/\/www.vosskodobrasil.com.br\/novo\/politica-de-privacidade-e-protecao-de-dados-candidatos-a-vagas\/","og_site_name":"Vossko do Brasil","article_publisher":"https:\/\/www.facebook.com\/vosskodobrasil\/","article_modified_time":"2024-06-20T19:16:26+00:00","twitter_card":"summary_large_image","twitter_misc":{"Est. tempo de leitura":"5 minutos"},"schema":{"@context":"https:\/\/schema.org","@graph":[{"@type":"WebPage","@id":"https:\/\/www.vosskodobrasil.com.br\/novo\/politica-de-privacidade-e-protecao-de-dados-candidatos-a-vagas\/","url":"https:\/\/www.vosskodobrasil.com.br\/novo\/politica-de-privacidade-e-protecao-de-dados-candidatos-a-vagas\/","name":"Termo de Consentimento de Candidatos a Vagas - Vossko do Brasil","isPartOf":{"@id":"https:\/\/www.vosskodobrasil.com.br\/novo\/#website"},"datePublished":"2024-05-21T18:46:39+00:00","dateModified":"2024-06-20T19:16:26+00:00","breadcrumb":{"@id":"https:\/\/www.vosskodobrasil.com.br\/novo\/politica-de-privacidade-e-protecao-de-dados-candidatos-a-vagas\/#breadcrumb"},"inLanguage":"pt-BR","potentialAction":[{"@type":"ReadAction","target":["https:\/\/www.vosskodobrasil.com.br\/novo\/politica-de-privacidade-e-protecao-de-dados-candidatos-a-vagas\/"]}]},{"@type":"BreadcrumbList","@id":"https:\/\/www.vosskodobrasil.com.br\/novo\/politica-de-privacidade-e-protecao-de-dados-candidatos-a-vagas\/#breadcrumb","itemListElement":[{"@type":"ListItem","position":1,"name":"In\u00edcio","item":"https:\/\/www.vosskodobrasil.com.br\/novo\/"},{"@type":"ListItem","position":2,"name":"Termo de Consentimento de Candidatos a Vagas"}]},{"@type":"WebSite","@id":"https:\/\/www.vosskodobrasil.com.br\/novo\/#website","url":"https:\/\/www.vosskodobrasil.com.br\/novo\/","name":"Vossko do Brasil","description":"Somos especialistas em produtos congelados","publisher":{"@id":"https:\/\/www.vosskodobrasil.com.br\/novo\/#organization"},"potentialAction":[{"@type":"SearchAction","target":{"@type":"EntryPoint","urlTemplate":"https:\/\/www.vosskodobrasil.com.br\/novo\/?s={search_term_string}"},"query-input":{"@type":"PropertyValueSpecification","valueRequired":true,"valueName":"search_term_string"}}],"inLanguage":"pt-BR"},{"@type":"Organization","@id":"https:\/\/www.vosskodobrasil.com.br\/novo\/#organization","name":"Vossko do Brasil","url":"https:\/\/www.vosskodobrasil.com.br\/novo\/","logo":{"@type":"ImageObject","inLanguage":"pt-BR","@id":"https:\/\/www.vosskodobrasil.com.br\/novo\/#\/schema\/logo\/image\/","url":"https:\/\/www.vosskodobrasil.com.br\/novo\/wp-content\/uploads\/2024\/02\/vossko-logo.webp","contentUrl":"https:\/\/www.vosskodobrasil.com.br\/novo\/wp-content\/uploads\/2024\/02\/vossko-logo.webp","width":800,"height":443,"caption":"Vossko do Brasil"},"image":{"@id":"https:\/\/www.vosskodobrasil.com.br\/novo\/#\/schema\/logo\/image\/"},"sameAs":["https:\/\/www.facebook.com\/vosskodobrasil\/","https:\/\/www.instagram.com\/vosskodobrasil\/","https:\/\/www.linkedin.com\/company\/vosskodobrasil\/"]}]}},"_links":{"self":[{"href":"https:\/\/www.vosskodobrasil.com.br\/novo\/wp-json\/wp\/v2\/pages\/1089","targetHints":{"allow":["GET"]}}],"collection":[{"href":"https:\/\/www.vosskodobrasil.com.br\/novo\/wp-json\/wp\/v2\/pages"}],"about":[{"href":"https:\/\/www.vosskodobrasil.com.br\/novo\/wp-json\/wp\/v2\/types\/page"}],"author":[{"embeddable":true,"href":"https:\/\/www.vosskodobrasil.com.br\/novo\/wp-json\/wp\/v2\/users\/2"}],"replies":[{"embeddable":true,"href":"https:\/\/www.vosskodobrasil.com.br\/novo\/wp-json\/wp\/v2\/comments?post=1089"}],"version-history":[{"count":3,"href":"https:\/\/www.vosskodobrasil.com.br\/novo\/wp-json\/wp\/v2\/pages\/1089\/revisions"}],"predecessor-version":[{"id":1231,"href":"https:\/\/www.vosskodobrasil.com.br\/novo\/wp-json\/wp\/v2\/pages\/1089\/revisions\/1231"}],"wp:attachment":[{"href":"https:\/\/www.vosskodobrasil.com.br\/novo\/wp-json\/wp\/v2\/media?parent=1089"}],"curies":[{"name":"wp","href":"https:\/\/api.w.org\/{rel}","templated":true}]}}